{"id":46,"date":"2017-09-26T14:47:00","date_gmt":"2017-09-26T12:47:00","guid":{"rendered":"http:\/\/www.blocrybc.be\/?page_id=46"},"modified":"2023-09-06T17:05:47","modified_gmt":"2023-09-06T15:05:47","slug":"contacts","status":"publish","type":"page","link":"https:\/\/blocrybc.be\/index.php\/contacts\/","title":{"rendered":"Contacts"},"content":{"rendered":"<p><strong>Pr\u00e9sident:<\/strong> Vandenberghe Beno\u00eet (0488 25 62 22)<\/p>\n<p>\u00a0 \u00a0 \u00a0 \u00a0 \u00a0 \u00a0<img decoding=\"async\" class=\"wp-image-1675 alignnone\" src=\"http:\/\/blocrybc.be\/wp-content\/uploads\/2023\/07\/IMG_8102-300x300.jpg\" alt=\"\" width=\"180\" height=\"180\" srcset=\"https:\/\/blocrybc.be\/wp-content\/uploads\/2023\/07\/IMG_8102-300x300.jpg 300w, https:\/\/blocrybc.be\/wp-content\/uploads\/2023\/07\/IMG_8102-1024x1024.jpg 1024w, https:\/\/blocrybc.be\/wp-content\/uploads\/2023\/07\/IMG_8102-150x150.jpg 150w, https:\/\/blocrybc.be\/wp-content\/uploads\/2023\/07\/IMG_8102-768x767.jpg 768w, https:\/\/blocrybc.be\/wp-content\/uploads\/2023\/07\/IMG_8102.jpg 1440w\" sizes=\"(max-width: 180px) 100vw, 180px\" \/><\/p>\n<p><strong>Secr\u00e9taire\u00a0<\/strong>: Verbauwhede Pierre-Yves (0494 77 77 27)<\/p>\n<p>\u00a0 \u00a0 \u00a0 \u00a0 \u00a0 \u00a0<img decoding=\"async\" class=\"alignnone  wp-image-1674\" src=\"http:\/\/blocrybc.be\/wp-content\/uploads\/2023\/07\/IMG_6513-291x300.jpg\" alt=\"\" width=\"173\" height=\"178\" srcset=\"https:\/\/blocrybc.be\/wp-content\/uploads\/2023\/07\/IMG_6513-291x300.jpg 291w, https:\/\/blocrybc.be\/wp-content\/uploads\/2023\/07\/IMG_6513-994x1024.jpg 994w, https:\/\/blocrybc.be\/wp-content\/uploads\/2023\/07\/IMG_6513-768x791.jpg 768w, https:\/\/blocrybc.be\/wp-content\/uploads\/2023\/07\/IMG_6513-1491x1536.jpg 1491w, https:\/\/blocrybc.be\/wp-content\/uploads\/2023\/07\/IMG_6513-1988x2048.jpg 1988w\" sizes=\"(max-width: 173px) 100vw, 173px\" \/><\/p>\n<p><strong>Tr\u00e9sorier<\/strong> : Cavigneaux Christophe (0478 40 67 86)<\/p>\n<p>\u00a0 \u00a0 \u00a0 \u00a0 \u00a0 <img decoding=\"async\" class=\"alignnone  wp-image-1678\" src=\"http:\/\/blocrybc.be\/wp-content\/uploads\/2023\/07\/IMG_6154-300x243.jpg\" alt=\"\" width=\"191\" height=\"155\" srcset=\"https:\/\/blocrybc.be\/wp-content\/uploads\/2023\/07\/IMG_6154-300x243.jpg 300w, https:\/\/blocrybc.be\/wp-content\/uploads\/2023\/07\/IMG_6154-1024x828.jpg 1024w, https:\/\/blocrybc.be\/wp-content\/uploads\/2023\/07\/IMG_6154-768x621.jpg 768w, https:\/\/blocrybc.be\/wp-content\/uploads\/2023\/07\/IMG_6154-1536x1242.jpg 1536w, https:\/\/blocrybc.be\/wp-content\/uploads\/2023\/07\/IMG_6154-2048x1656.jpg 2048w\" sizes=\"(max-width: 191px) 100vw, 191px\" \/><\/p>\n<p><strong>Administrateur: <\/strong>Daumerie S\u00e9bastien (0473 51 16 88)<\/p>\n<p>\u00a0 \u00a0 \u00a0 \u00a0 \u00a0 \u00a0 \u00a0 \u00a0<img loading=\"lazy\" decoding=\"async\" class=\"alignnone  wp-image-1684\" src=\"http:\/\/blocrybc.be\/wp-content\/uploads\/2023\/07\/IMG_8196-e1689750717133-205x300.jpg\" alt=\"\" width=\"149\" height=\"218\" srcset=\"https:\/\/blocrybc.be\/wp-content\/uploads\/2023\/07\/IMG_8196-e1689750717133-205x300.jpg 205w, https:\/\/blocrybc.be\/wp-content\/uploads\/2023\/07\/IMG_8196-e1689750717133-701x1024.jpg 701w, https:\/\/blocrybc.be\/wp-content\/uploads\/2023\/07\/IMG_8196-e1689750717133-768x1122.jpg 768w, https:\/\/blocrybc.be\/wp-content\/uploads\/2023\/07\/IMG_8196-e1689750717133.jpg 1039w\" sizes=\"(max-width: 149px) 100vw, 149px\" \/><\/p>\n<p><strong>Administrateur: <\/strong>Marneffe St\u00e9phan (0478 56 13 13)<\/p>\n<p>\u00a0 \u00a0 \u00a0 \u00a0 \u00a0 \u00a0<img loading=\"lazy\" decoding=\"async\" class=\"alignnone  wp-image-1676\" src=\"http:\/\/blocrybc.be\/wp-content\/uploads\/2023\/07\/IMG_8103-297x300.jpg\" alt=\"\" width=\"182\" height=\"184\" srcset=\"https:\/\/blocrybc.be\/wp-content\/uploads\/2023\/07\/IMG_8103-297x300.jpg 297w, https:\/\/blocrybc.be\/wp-content\/uploads\/2023\/07\/IMG_8103-1013x1024.jpg 1013w, https:\/\/blocrybc.be\/wp-content\/uploads\/2023\/07\/IMG_8103-768x776.jpg 768w, https:\/\/blocrybc.be\/wp-content\/uploads\/2023\/07\/IMG_8103.jpg 1351w\" sizes=\"(max-width: 182px) 100vw, 182px\" \/><\/p>\n<p><strong>Responsables tournoi:<\/strong><\/p>\n<ul>\n<li style=\"list-style-type: none;\">\n<ul>\n<li>Gestion tournoi, inscription et matches: Daumerie Sebastien, Marneffe St\u00e9phan\u00a0<\/li>\n<li>Organisation g\u00e9n\u00e9rale, subsides, tr\u00e9sorerie : Cavigneaux Christophe<\/li>\n<li>Gestion lots et sponsors: Cavigneaux Christophe et Vandenberghe Beno\u00eet<\/li>\n<\/ul>\n<\/li>\n<\/ul>\n<p>Responsable IC : Marneffe St\u00e9phan\u00a0<\/p>\n<p>Responsable \u00e9cole des jeunes : Vandenberghe Beno\u00eet<\/p>\n<p>Email de contact: <a href=\"mailto:info@blocrybc.be\">info@blocrybc.be<\/a><\/p>\n\n\n<p><\/p>\n","protected":false},"excerpt":{"rendered":"<p>Pr\u00e9sident: Vandenberghe Beno\u00eet (0488 25 62 22) \u00a0 \u00a0 \u00a0 \u00a0 \u00a0 \u00a0 Secr\u00e9taire\u00a0: Verbauwhede Pierre-Yves (0494 77 77 27) \u00a0 \u00a0 \u00a0 \u00a0 \u00a0 \u00a0 Tr\u00e9sorier : Cavigneaux Christophe (0478 40 67 86) \u00a0 \u00a0 \u00a0 \u00a0 \u00a0 Administrateur: Daumerie S\u00e9bastien (0473 51 16 88) \u00a0 \u00a0 \u00a0 \u00a0 \u00a0 \u00a0 \u00a0 \u00a0 Administrateur: &hellip; <a href=\"https:\/\/blocrybc.be\/index.php\/contacts\/\" class=\"more-link\">Continuer la lecture de <span class=\"screen-reader-text\">Contacts<\/span><\/a><\/p>\n","protected":false},"author":1,"featured_media":0,"parent":0,"menu_order":0,"comment_status":"closed","ping_status":"closed","template":"","meta":{"footnotes":""},"class_list":["post-46","page","type-page","status-publish","hentry"],"jetpack_sharing_enabled":true,"_links":{"self":[{"href":"https:\/\/blocrybc.be\/index.php\/wp-json\/wp\/v2\/pages\/46","targetHints":{"allow":["GET"]}}],"collection":[{"href":"https:\/\/blocrybc.be\/index.php\/wp-json\/wp\/v2\/pages"}],"about":[{"href":"https:\/\/blocrybc.be\/index.php\/wp-json\/wp\/v2\/types\/page"}],"author":[{"embeddable":true,"href":"https:\/\/blocrybc.be\/index.php\/wp-json\/wp\/v2\/users\/1"}],"replies":[{"embeddable":true,"href":"https:\/\/blocrybc.be\/index.php\/wp-json\/wp\/v2\/comments?post=46"}],"version-history":[{"count":4,"href":"https:\/\/blocrybc.be\/index.php\/wp-json\/wp\/v2\/pages\/46\/revisions"}],"predecessor-version":[{"id":1687,"href":"https:\/\/blocrybc.be\/index.php\/wp-json\/wp\/v2\/pages\/46\/revisions\/1687"}],"wp:attachment":[{"href":"https:\/\/blocrybc.be\/index.php\/wp-json\/wp\/v2\/media?parent=46"}],"curies":[{"name":"wp","href":"https:\/\/api.w.org\/{rel}","templated":true}]}}